{"id":244119,"date":"2022-11-15T20:43:01","date_gmt":"2022-11-15T19:43:01","guid":{"rendered":"https:\/\/app.slowfoodwaldviertel.at\/?page_id=244119"},"modified":"2025-03-04T21:43:03","modified_gmt":"2025-03-04T20:43:03","slug":"umfrage","status":"publish","type":"page","link":"https:\/\/app.slowfoodwaldviertel.at\/cs\/slozku\/","title":{"rendered":"Pr\u016fzkum"},"content":{"rendered":"<p>[et_pb_section fb_built=&#8220;1&#8243; _builder_version=&#8220;4.27.2&#8243; _module_preset=&#8220;default&#8220; global_colors_info=&#8220;{}&#8220;][et_pb_row _builder_version=&#8220;4.27.2&#8243; _module_preset=&#8220;default&#8220; global_colors_info=&#8220;{}&#8220;][et_pb_column type=&#8220;4_4&#8243; _builder_version=&#8220;4.27.2&#8243; _module_preset=&#8220;default&#8220; global_colors_info=&#8220;{}&#8220;][et_pb_text _builder_version=&#8220;4.27.2&#8243; _module_preset=&#8220;default&#8220; global_colors_info=&#8220;{}&#8220; admin_label=&#8220;Titel&#8220;]<\/p>\n<h1>Pr\u016fzkum<\/h1>\n<p>[\/et_pb_text][et_pb_text _builder_version=&#8220;4.27.2&#8243; _module_preset=&#8220;default&#8220; hover_enabled=&#8220;0&#8243; global_colors_info=&#8220;{}&#8220; sticky_enabled=&#8220;0&#8243; disabled_on=&#8220;on|on|on&#8220; disabled=&#8220;on&#8220; admin_label=&#8220;in K\u00fcrze&#8220;]<\/p>\n<p>N\u00e1\u0161 pr\u016fzkum bude brzy zah\u00e1jen.<\/p>\n<p>T\u011b\u0161\u00edme se na va\u0161i \u00fa\u010dast!<br \/>V\u00e1\u0161 t\u00fdm ze Slow Food Waldviertel<\/p>\n<p>[\/et_pb_text][et_pb_code _builder_version=&#8220;4.27.4&#8243; _module_preset=&#8220;default&#8220; hover_enabled=&#8220;0&#8243; sticky_enabled=&#8220;0&#8243;]<div id=\"polls-3\" class=\"wp-polls\">\n\t<form id=\"polls_form_3\" class=\"wp-polls-form\" action=\"\/index.php\" method=\"post\" data-trp-original-action=\"\/index.php\">\n\t\t<p style=\"display: none;\"><input type=\"hidden\" id=\"poll_3_nonce\" name=\"wp-polls-nonce\" value=\"2c20bfe145\" \/><\/p>\n\t\t<p style=\"display: none;\"><input type=\"hidden\" name=\"poll_id\" value=\"3\" \/><\/p>\n\t\t<p style=\"display: none;\"><input type=\"hidden\" id=\"poll_multiple_ans_3\" name=\"poll_multiple_ans_3\" value=\"3\" \/><\/p>\n\t\t<p style=\"text-align: center\"><strong>Co je pro v\u00e1s na region\u00e1ln\u00edch v\u00fdrobc\u00edch obzvl\u00e1\u0161t\u011b d\u016fle\u017eit\u00e9?<\/strong><\/p><div id=\"polls-3-ans\" class=\"wp-polls-ans\"><ul class=\"wp-polls-ul\">\n\t\t<li><input type=\"checkbox\" id=\"poll-answer-12\" name=\"poll_3\" value=\"12\" \/> <label for=\"poll-answer-12\">P\u0159\u00edstupnost<\/label><\/li>\n\t\t<li><input type=\"checkbox\" id=\"poll-answer-14\" name=\"poll_3\" value=\"14\" \/> <label for=\"poll-answer-14\">Cena<\/label><\/li>\n\t\t<li><input type=\"checkbox\" id=\"poll-answer-15\" name=\"poll_3\" value=\"15\" \/> <label for=\"poll-answer-15\">Ekologick\u00e9 p\u011bstov\u00e1n\u00ed<\/label><\/li>\n\t\t<li><input type=\"checkbox\" id=\"poll-answer-13\" name=\"poll_3\" value=\"13\" \/> <label for=\"poll-answer-13\">\u010cerstvost<\/label><\/li>\n\t\t<li><input type=\"checkbox\" id=\"poll-answer-11\" name=\"poll_3\" value=\"11\" \/> <label for=\"poll-answer-11\">Otev\u00edrac\u00ed doba<\/label><\/li>\n\t\t<\/ul><p style=\"text-align: center\"><input type=\"button\" name=\"vote\" value=\" hlasovat \" class=\"Buttons\" onclick=\"poll_vote(3);\" \/><\/p><p style=\"text-align: center\"><a href=\"#ViewPollResults\" onclick=\"poll_result(3); return false;\" title=\"Zobrazit v\u00fdsledky tohoto hlasov\u00e1n\u00ed\">zobrazit v\u00fdsledky hlasov\u00e1n\u00ed<\/a><\/p><\/div>\n\t<input type=\"hidden\" name=\"trp-form-language\" value=\"cs\"\/><\/form>\n<\/div>\n<div id=\"polls-3-loading\" class=\"wp-polls-loading\"><img loading=\"lazy\" decoding=\"async\" src=\"https:\/\/app.slowfoodwaldviertel.at\/wp-content\/plugins\/wp-polls\/images\/loading.gif\" width=\"16\" height=\"16\" alt=\"Nahr\u00e1v\u00e1n\u00ed ...\" title=\"Nahr\u00e1v\u00e1n\u00ed ...\" class=\"wp-polls-image\" \/>&nbsp;Nahr\u00e1v\u00e1n\u00ed ...<\/div>\n[\/et_pb_code][\/et_pb_column][\/et_pb_row][\/et_pb_section]<\/p>","protected":false},"excerpt":{"rendered":"<p>UmfrageUnsere Umfrage startet in K\u00fcrze. Wir freuen uns auf Ihrte Teilnahme!Ihr Team von Slow Food Waldviertel<div id=\"polls-3\" class=\"wp-polls\">\n\t<form id=\"polls_form_3\" class=\"wp-polls-form\" action=\"\/index.php\" method=\"post\" data-trp-original-action=\"\/index.php\">\n\t\t<p style=\"display: none;\"><input type=\"hidden\" id=\"poll_3_nonce\" name=\"wp-polls-nonce\" value=\"2c20bfe145\" \/><\/p>\n\t\t<p style=\"display: none;\"><input type=\"hidden\" name=\"poll_id\" value=\"3\" \/><\/p>\n\t\t<p style=\"display: none;\"><input type=\"hidden\" id=\"poll_multiple_ans_3\" name=\"poll_multiple_ans_3\" value=\"3\" \/><\/p>\n\t\t<p style=\"text-align: center\"><strong>Co je pro v\u00e1s na region\u00e1ln\u00edch v\u00fdrobc\u00edch obzvl\u00e1\u0161t\u011b d\u016fle\u017eit\u00e9?<\/strong><\/p><div id=\"polls-3-ans\" class=\"wp-polls-ans\"><ul class=\"wp-polls-ul\">\n\t\t<li><input type=\"checkbox\" id=\"poll-answer-12\" name=\"poll_3\" value=\"12\" \/> <label for=\"poll-answer-12\">P\u0159\u00edstupnost<\/label><\/li>\n\t\t<li><input type=\"checkbox\" id=\"poll-answer-15\" name=\"poll_3\" value=\"15\" \/> <label for=\"poll-answer-15\">Ekologick\u00e9 p\u011bstov\u00e1n\u00ed<\/label><\/li>\n\t\t<li><input type=\"checkbox\" id=\"poll-answer-13\" name=\"poll_3\" value=\"13\" \/> <label for=\"poll-answer-13\">\u010cerstvost<\/label><\/li>\n\t\t<li><input type=\"checkbox\" id=\"poll-answer-14\" name=\"poll_3\" value=\"14\" \/> <label for=\"poll-answer-14\">Cena<\/label><\/li>\n\t\t<li><input type=\"checkbox\" id=\"poll-answer-11\" name=\"poll_3\" value=\"11\" \/> <label for=\"poll-answer-11\">Otev\u00edrac\u00ed doba<\/label><\/li>\n\t\t<\/ul><p style=\"text-align: center\"><input type=\"button\" name=\"vote\" value=\" hlasovat \" class=\"Buttons\" onclick=\"poll_vote(3);\" \/><\/p><p style=\"text-align: center\"><a href=\"#ViewPollResults\" onclick=\"poll_result(3); return false;\" title=\"Zobrazit v\u00fdsledky tohoto hlasov\u00e1n\u00ed\">zobrazit v\u00fdsledky hlasov\u00e1n\u00ed<\/a><\/p><\/div>\n\t<input type=\"hidden\" name=\"trp-form-language\" value=\"cs\"\/><\/form>\n<\/div>\n<div id=\"polls-3-loading\" class=\"wp-polls-loading\"><img loading=\"lazy\" decoding=\"async\" src=\"https:\/\/app.slowfoodwaldviertel.at\/wp-content\/plugins\/wp-polls\/images\/loading.gif\" width=\"16\" height=\"16\" alt=\"Nahr\u00e1v\u00e1n\u00ed ...\" title=\"Nahr\u00e1v\u00e1n\u00ed ...\" class=\"wp-polls-image\" \/>&nbsp;Nahr\u00e1v\u00e1n\u00ed ...<\/div>\n<\/p>","protected":false},"author":7,"featured_media":0,"parent":0,"menu_order":0,"comment_status":"closed","ping_status":"closed","template":"","meta":{"_acf_changed":false,"_et_pb_use_builder":"on","_et_pb_old_content":"<p>[et_pb_section bb_built=\"1\"][et_pb_row][\/et_pb_row][\/et_pb_section]<\/p>","_et_gb_content_width":"","footnotes":""},"difl_page_category":[],"class_list":["post-244119","page","type-page","status-publish","hentry"],"acf":[],"_links":{"self":[{"href":"https:\/\/app.slowfoodwaldviertel.at\/cs\/wp-json\/wp\/v2\/pages\/244119","targetHints":{"allow":["GET"]}}],"collection":[{"href":"https:\/\/app.slowfoodwaldviertel.at\/cs\/wp-json\/wp\/v2\/pages"}],"about":[{"href":"https:\/\/app.slowfoodwaldviertel.at\/cs\/wp-json\/wp\/v2\/types\/page"}],"author":[{"embeddable":true,"href":"https:\/\/app.slowfoodwaldviertel.at\/cs\/wp-json\/wp\/v2\/users\/7"}],"replies":[{"embeddable":true,"href":"https:\/\/app.slowfoodwaldviertel.at\/cs\/wp-json\/wp\/v2\/comments?post=244119"}],"version-history":[{"count":24,"href":"https:\/\/app.slowfoodwaldviertel.at\/cs\/wp-json\/wp\/v2\/pages\/244119\/revisions"}],"predecessor-version":[{"id":248158,"href":"https:\/\/app.slowfoodwaldviertel.at\/cs\/wp-json\/wp\/v2\/pages\/244119\/revisions\/248158"}],"wp:attachment":[{"href":"https:\/\/app.slowfoodwaldviertel.at\/cs\/wp-json\/wp\/v2\/media?parent=244119"}],"wp:term":[{"taxonomy":"difl_page_category","embeddable":true,"href":"https:\/\/app.slowfoodwaldviertel.at\/cs\/wp-json\/wp\/v2\/difl_page_category?post=244119"}],"curies":[{"name":"wp","href":"https:\/\/api.w.org\/{rel}","templated":true}]}}

Průzkum

<p>[et_pb_section fb_built=&#8220;1&#8243; _builder_version=&#8220;4.27.2&#8243; _module_preset=&#8220;default&#8220; global_colors_info=&#8220;{}&#8220;][et_pb_row _builder_version=&#8220;4.27.2&#8243; _module_preset=&#8220;default&#8220; global_colors_info=&#8220;{}&#8220;][et_pb_column type=&#8220;4_4&#8243; _builder_version=&#8220;4.27.2&#8243; _module_preset=&#8220;default&#8220; global_colors_info=&#8220;{}&#8220;][et_pb_text _builder_version=&#8220;4.27.2&#8243; _module_preset=&#8220;default&#8220; global_colors_info=&#8220;{}&#8220; admin_label=&#8220;Titel&#8220;]</p>
<h1>Průzkum</h1>
<p>[/et_pb_text][et_pb_text _builder_version=&#8220;4.27.2&#8243; _module_preset=&#8220;default&#8220; hover_enabled=&#8220;0&#8243; global_colors_info=&#8220;{}&#8220; sticky_enabled=&#8220;0&#8243; disabled_on=&#8220;on|on|on&#8220; disabled=&#8220;on&#8220; admin_label=&#8220;in Kürze&#8220;]</p>
<p>Náš průzkum bude brzy zahájen.</p>
<p>Těšíme se na vaši účast!<br />Váš tým ze Slow Food Waldviertel</p>
<p>[/et_pb_text][et_pb_code _builder_version=&#8220;4.27.4&#8243; _module_preset=&#8220;default&#8220; hover_enabled=&#8220;0&#8243; sticky_enabled=&#8220;0&#8243;]<div id="polls-3" class="wp-polls">
	<form id="polls_form_3" class="wp-polls-form" action="/index.php" method="post" data-trp-original-action="/index.php">
		<p style="display: none;"><input type="hidden" id="poll_3_nonce" name="wp-polls-nonce" value="2c20bfe145" /></p>
		<p style="display: none;"><input type="hidden" name="poll_id" value="3" /></p>
		<p style="display: none;"><input type="hidden" id="poll_multiple_ans_3" name="poll_multiple_ans_3" value="3" /></p>
		<p style="text-align: center"><strong>Co je pro vás na regionálních výrobcích obzvláště důležité?</strong></p><div id="polls-3-ans" class="wp-polls-ans"><ul class="wp-polls-ul">
		<li><input type="checkbox" id="poll-answer-12" name="poll_3" value="12" /> <label for="poll-answer-12">Přístupnost</label></li>
		<li><input type="checkbox" id="poll-answer-14" name="poll_3" value="14" /> <label for="poll-answer-14">Cena</label></li>
		<li><input type="checkbox" id="poll-answer-15" name="poll_3" value="15" /> <label for="poll-answer-15">Ekologické pěstování</label></li>
		<li><input type="checkbox" id="poll-answer-13" name="poll_3" value="13" /> <label for="poll-answer-13">Čerstvost</label></li>
		<li><input type="checkbox" id="poll-answer-11" name="poll_3" value="11" /> <label for="poll-answer-11">Otevírací doba</label></li>
		</ul><p style="text-align: center"><input type="button" name="vote" value=" hlasovat " class="Buttons" onclick="poll_vote(3);" /></p><p style="text-align: center"><a href="#ViewPollResults" onclick="poll_result(3); return false;" title="Zobrazit výsledky tohoto hlasování">zobrazit výsledky hlasování</a></p></div>
	<input type="hidden" name="trp-form-language" value="cs"/></form>
</div>
<div id="polls-3-loading" class="wp-polls-loading"><img loading="lazy" decoding="async" src="https://app.slowfoodwaldviertel.at/wp-content/plugins/wp-polls/images/loading.gif" width="16" height="16" alt="Nahrávání ..." title="Nahrávání ..." class="wp-polls-image" />&nbsp;Nahrávání ...</div>
[/et_pb_code][/et_pb_column][/et_pb_row][/et_pb_section]</p>

<p>UmfrageUnsere Umfrage startet in Kürze. Wir freuen uns auf Ihrte Teilnahme!Ihr Team von Slow Food Waldviertel<div id="polls-3" class="wp-polls">
	<form id="polls_form_3" class="wp-polls-form" action="/index.php" method="post" data-trp-original-action="/index.php">
		<p style="display: none;"><input type="hidden" id="poll_3_nonce" name="wp-polls-nonce" value="2c20bfe145" /></p>
		<p style="display: none;"><input type="hidden" name="poll_id" value="3" /></p>
		<p style="display: none;"><input type="hidden" id="poll_multiple_ans_3" name="poll_multiple_ans_3" value="3" /></p>
		<p style="text-align: center"><strong>Co je pro vás na regionálních výrobcích obzvláště důležité?</strong></p><div id="polls-3-ans" class="wp-polls-ans"><ul class="wp-polls-ul">
		<li><input type="checkbox" id="poll-answer-12" name="poll_3" value="12" /> <label for="poll-answer-12">Přístupnost</label></li>
		<li><input type="checkbox" id="poll-answer-15" name="poll_3" value="15" /> <label for="poll-answer-15">Ekologické pěstování</label></li>
		<li><input type="checkbox" id="poll-answer-13" name="poll_3" value="13" /> <label for="poll-answer-13">Čerstvost</label></li>
		<li><input type="checkbox" id="poll-answer-14" name="poll_3" value="14" /> <label for="poll-answer-14">Cena</label></li>
		<li><input type="checkbox" id="poll-answer-11" name="poll_3" value="11" /> <label for="poll-answer-11">Otevírací doba</label></li>
		</ul><p style="text-align: center"><input type="button" name="vote" value=" hlasovat " class="Buttons" onclick="poll_vote(3);" /></p><p style="text-align: center"><a href="#ViewPollResults" onclick="poll_result(3); return false;" title="Zobrazit výsledky tohoto hlasování">zobrazit výsledky hlasování</a></p></div>
	<input type="hidden" name="trp-form-language" value="cs"/></form>
</div>
<div id="polls-3-loading" class="wp-polls-loading"><img loading="lazy" decoding="async" src="https://app.slowfoodwaldviertel.at/wp-content/plugins/wp-polls/images/loading.gif" width="16" height="16" alt="Nahrávání ..." title="Nahrávání ..." class="wp-polls-image" />&nbsp;Nahrávání ...</div>
</p>
